e number?
True
Is 5011399 a prime number?
False
Is 369743 a prime number?
False
Is 3094678 a prime number?
False
Is 34713389 a composite number?
True
Is 48892823 a prime number?
False
Is 4957969 composite?
False
Is 68397923 a prime number?
False
Is 88363817 prime?
False
Is 136163713 a prime number?
False
Is 352601999 a composite number?
True
Is 1566242417 composite?
True
Is 5246707 composite?
False
Is 81722023 composite?
False
Is 28866961 a composite number?
False
Is 87237959 a prime number?
True
Is 1046447 composite?
False
Is 749393 composite?
False
Is 96127007 prime?
True
Is 10079711 a prime number?
True
Is 355790777 a composite number?
False
Is 19044043 a composite number?
False
Is 12193289 prime?
False
Is 1069031081 a composite number?
True
Is 8052007 a composite number?
False
Is 8794019 a composite number?
True
Is 3565013 a composite number?
False
Is 231133679 composite?
True
Is 30102299 composite?
False
Is 254255201 a composite number?
False
Is 187294069 a prime number?
False
Is 740307 a composite number?
True
Is 16573331 a composite number?
True
Is 8420801 a composite number?
False
Is 590134249 prime?
True
Is 782557 a composite number?
True
Is 6852649 prime?
False
Is 795449 prime?
True
Is 2716969 composite?
False
Is 956987 a prime number?
True
Is 53629699 composite?
False
Is 339091 a composite number?
False
Is 4920379 a prime number?
True
Is 2826449 a prime number?
False
Is 14739577 composite?
False
Is 16790311 a prime number?
False
Is 802271 composite?
True
Is 6185989 a prime number?
True
Is 59670571 a prime number?
True
Is 649071929 a prime number?
False
Is 543967 a composite number?
False
Is 18958603 composite?
False
Is 20595957 composite?
True
Is 19828027 a composite number?
True
Is 5533793 composite?
False
Is 15402173 composite?
True
Is 1220853 prime?
False
Is 4341619 composite?
True
Is 52708519 composite?
True
Is 1625927 prime?
True
Is 262845785 composite?
True
Is 13924829 a prime number?
True
Is 39422737 prime?
False
Is 8159839 a prime number?
True
Is 1434635 prime?
False
Is 2751379 a prime number?
True
Is 9825311 composite?
False
Is 1934399 a composite number?
False
Is 52683999 composite?
True
Is 61909499 prime?
True
Is 2248787 a prime number?
True
Is 7263523 a composite number?
False
Is 78482743 prime?
True
Is 131972397 composite?
True
Is 22181597 prime?
True
Is 9271406 prime?
False
Is 665970989 a prime number?
True
Is 9060253 a composite number?
False
Is 58496731 a composite number?
True
Is 29939519 prime?
True
Is 21188371 a prime number?
True
Is 4475381 prime?
False
Is 57311123 prime?
False
Is 38769091 a prime number?
False
Is 430983857 composite?
False
Is 1795135669 prime?
True
Is 300887921 a prime number?
False
Is 437233969 a prime number?
True
Is 17670461 prime?
False
Is 62126969 a prime number?
True
Is 27569431 a composite number?
True
Is 34199593 prime?
False
Is 809051 prime?
True
Is 15815749 prime?
True
Is 130644587 a prime number?
True
Is 358197409 prime?
False
Is 20615113 prime?
True
Is 24612317 a composite number?
False
Is 988146833 a prime number?
False
Is 24977843 prime?
False
Is 122656013 a composite number?
False
Is 47797171 a prime number?
True
Is 1905863 prime?
True
Is 25350227 a composite number?
True
Is 6412919 prime?
True
Is 4559929 a prime number?
False
Is 76557487 a composite number?
True
Is 937267 a prime number?
False
Is 2244482 a composite number?
True
Is 4334539 composite?
True
Is 1734937 a prime number?
True
Is 362209 a composite number?
True
Is 6954709 composite?
False
Is 112516847 a composite number?
False
Is 19578943 a prime number?
True
Is 79594561 a prime number?
False
Is 1418089 prime?
False
Is 85379057 prime?
True
Is 10893157 a prime number?
False
Is 1617557 composite?
False
Is 77681 a composite number?
False
Is 56226409 composite?
False
Is 125487121 prime?
False
Is 14780719 prime?
True
Is 4511357 a prime number?
False
Is 4644971 prime?
True
Is 36289959 a composite number?
True
Is 1886503 prime?
True
Is 28650707 composite?
False
Is 347351 a prime number?
False
Is 607573 a composite number?
False
Is 37957951 composite?
False
Is 34547847 a prime number?
False
Is 77299043 a prime number?
False
Is 1552555 a prime number?
False
Is 138962823 composite?
True
Is 4016959 prime?
True
Is 282749249 a composite number?
False
Is 15500087 composite?
False
Is 61162963 prime?
True
Is 160775941 composite?
True
Is 3537017 a prime number?
False
Is 302449069 a prime number?
False
Is 38593547 composite?
False
Is 6008435 composite?
True
Is 45457 a composite number?
True
Is 201309 composite?
True
Is 20653303 composite?
True
Is 40912451 composite?
False
Is 43308943 prime?
False
Is 5757379 composite?
False
Is 6702119 prime?
True
Is 2128609551 prime?
False
Is 8837723 a prime number?
False
Is 2814233 a prime number?
True
Is 16717993 composite?
True
Is 40884859 composite?
False
Is 3422767 a composite number?
True
Is 6576107 a prime number?
False
Is 19748683 composite?
False
Is 2219743 a prime number?
False
Is 43146067 prime?
True
Is 137457259 a prime number?
False
Is 881059 composite?
True
Is 201005359 a composite number?
False
Is 5250389 prime?
False
Is 14712343 prime?
True
Is 6565877 a prime number?
True
Is 3623 prime?
True
Is 24278311 a prime number?
True
Is 470503 prime?
False
Is 31124587 prime?
False
Is 713633 a prime number?
False
Is 1499413 a prime number?
True
Is 112852199 a prime number?
False
Is 240661 composite?
True
Is 435417749 composite?
True
Is 358471 a prime number?
True
Is 25528259 a prime number?
True
Is 2093267 a composite number?
True
Is 62383 a composite number?
False
Is 26030059 a composite number?
True
Is 1128371 a composite number?
False
Is 3678599 a prime number?
True
Is 146202401 a composite number?
True
Is 142501091 a prime number?
False
Is 806561 prime?
False
Is 106583 composite?
True
Is 978600731 composite?
False
Is 3897559 prime?
True
Is 8814859 prime?
False
Is 329599289 a prime number?
False
Is 1056707 a prime number?
True
Is 1852313 a prime number?
False
Is 4553033 composite?
False
Is 126682345 a prime number?
False
Is 5475149 composite?
True
Is 10867243 a prime number?
True
Is 2143901 composite?
False
Is 640529 prime?
True
Is 2225123 a composite number?
False
Is 314660903 a composite number?
False
Is 20678149 a composite number?
False
Is 18787121 prime?
True
Is 13531433 a prime number?
True
Is 164279 composite?
False
Is 44335 a composite number?
True
Is 12078479 a prime number?
False
Is 4713227 a composite number?
False
Is 13622561 composite?
False
Is 237887717 prime?
False
Is 98274871 composite?
True
Is 152844121 composite?
True
Is 2286409 a composite number?
True
Is 125512129 a prime number?
False
Is 3187 prime?
True
Is 533543 a prime number?
True
Is 4148999 a prime number?
False
Is 131866027 a prime number?
False
Is 1232443 prime?
False
Is 444695617 a composite number?
False
Is 97793 a prime number?
False
Is 2635691 a prime number?
True
Is 25667627 a composite number?
False
Is 99210121 prime?
True
Is 797353 a prime number?
True
Is 73494541 prime?
True
Is 474571991 a composite number?
False
Is 1114658 a composite number?
True
Is 1984301 composite?
True
Is 75364321 composite?
True
Is 374929961 composite?
True
Is 656389977 a prime number?
False
Is 10370981 composite?
False
Is 52131 composite?
True
Is 76058781 a composite number?
True
Is 31393337 prime?
True
Is 96134057 composite?
False
Is 42814591 a composite number?
False
Is 8237681 a prime number?
True
Is 24966397 a composite number?
False
Is 14051207 prime?
True
Is 53569157 a composite number?
False
Is 392991281 composite?
False
Is 858557 composite?
True
Is 270295067 a composite number?
True
Is 5697287 prime?
True
Is 3827671 a composite number?
False
Is 100859599 a prime number?
True
Is 12435853 a prime number?
True
Is 4253023 composite?
False
Is 594839 prime?
False
Is 1489441 a composite number?
False
Is 192475967 composite?
False
Is 3791379 a prime number?
False
Is 101911 a composite number?
True
Is 760801 a prime number?
False
Is 294829679 a prime number?
True
Is 1231855 a composite number?
True
Is 15022199 a prime number?
True
Is 78398051 prime?
False
Is 3215195 composite?
True
Is 104897 a prime number?
False
Is 4130437 prime?
True
Is 61078399 a prime number?
False
Is 25176737 a prime number?
False
Is 15095611 a prime number?
Tr